what is -22a - -2?
-228
In base 15, what is -15d + 5?
-158
In base 12, what is 1 - 25?
-24
In base 14, what is -a5 + -5?
-aa
In base 16, what is a - -112?
11c
In base 10, what is 5 + -54?
-49
In base 7, what is -2422 + -2?
-2424
In base 5, what is -11133 - 1?
-11134
In base 11, what is 0 - 422?
-422
In base 15, what is -3 - 85?
-88
In base 13, what is -11 - 37?
-48
In base 5, what is 44 + -1001?
-402
In base 7, what is 2 + -4212?
-4210
In base 14, what is -1 - -472?
471
In base 10, what is -1 + -216?
-217
In base 15, what is 2061 - 3?
205d
In base 12, what is -8784 + 1?
-8783
In base 5, what is 1340 + 10?
1400
In base 11, what is -4 - -590?
587
In base 11, what is 3 + 30a?
312
In base 6, what is -31 + -23?
-54
In base 6, what is 4 - -140?
144
In base 14, what is -4 + 89?
85
In base 7, what is -3423 - 14?
-3440
In base 4, what is -1 - 323?
-330
In base 11, what is 8183 + -2?
8181
In base 2, what is -111011100111 - 1?
-111011101000
In base 9, what is 38 - -12?
51
In base 12, what is -4b4 + -4?
-4b8
In base 6, what is -1150 + -5?
-1155
In base 6, what is -1 + 133?
132
In base 4, what is 1112133 - -2?
1112201
In base 5, what is 40212 - 0?
40212
In base 14, what is -4 - -c2?
bc
In base 3, what is 0 + -12011?
-12011
In base 13, what is 264 + -2?
262
In base 2, what is -1 - -100110111?
100110110
In base 9, what is 23 + 7?
31
In base 3, what is -11120 + 110?
-11010
In base 12, what is 1a9 - 2?
1a7
In base 7, what is -10 - -2653?
2643
In base 12, what is -11 - 18?
-29
In base 9, what is 3 + 1086?
1100
In base 8, what is 50 - -33?
103
In base 13, what is -3b2 - -7?
-3a8
In base 11, what is 93a - -3?
942
In base 5, what is -12 + 1203?
1141
In base 14, what is -30 + -2?
-32
In base 13, what is -a1 - -3?
-9b
In base 3, what is 12 + -1?
11
In base 5, what is 1423 + 2?
1430
In base 9, what is -13 - 804?
-817
In base 2, what is -111 + -100000?
-100111
In base 12, what is 19b + 9?
1a8
In base 15, what is 3 + 258?
25b
In base 6, what is -4231 - 1?
-4232
In base 6, what is -141 + 4?
-133
In base 9, what is 3 - -72?
75
In base 14, what is -2a8c - -3?
-2a89
In base 16, what is -14 + -56d?
-581
In base 7, what is 3 + 3640?
3643
In base 5, what is -23 - 40?
-113
In base 3, what is 11 + 102201?
102212
In base 9, what is 85 + 42?
137
In base 9, what is -3 + -1778?
-1782
In base 14, what is -2c3 + -5?
-2c8
In base 4, what is -2132 - -3?
-2123
In base 3, what is 1 + -221?
-220
In base 15, what is -3 - 8?
-b
In base 11, what is -3 - -43a2?
439a
In base 10, what is 12 - 125?
-113
In base 15, what is -1 + -29?
-2a
In base 13, what is 2a1 - -11?
2b2
In base 13, what is 3 - 4c4?
-4c1
In base 8, what is 343 - -1?
344
In base 15, what is -e - -136?
127
In base 10, what is 1 + -316?
-315
In base 10, what is -1795 - 3?
-1798
In base 14, what is 0 - -829?
829
In base 14, what is -11 - 76?
-87
In base 3, what is 11 + -2000110?
-2000022
In base 12, what is -908 + -5?
-911
In base 7, what is 206 + 1?
210
In base 12, what is -33 + 11?
-22
In base 8, what is 222 - -7?
231
In base 7, what is -140 + 1?
-136
In base 10, what is -203 + -7?
-210
In base 5, what is 14 + -432?
-413
In base 10, what is 3 - -13?
16
In base 14, what is -4c1 + 8?
-4b7
In base 5, what is 42 - 22?
20
In base 11, what is -672 + 2?
-670
In base 2, what is -11001011001101 - 0?
-11001011001101
In base 15, what is -135 - 24?
-159
In base 7, what is 541 - 3?
535
In base 8, what is -126 + -12?
-140
In base 11, what is 11 - -3?
14
In base 3, what is 10 + -20120?
-20110
In base 2, what is 100 + 1001110010011?
1001110010111
In base 10, what is -258 + 3?
-255
In base 14, what is 2 + -127?
-125
In base 13, what is -a + 49?
3c
In base 10, what is -43 + 41?
-2
In base 10, what is -352 + -39?
-391
In base 2, what is -11000101 - -1001?
-10111100
In base 2, what is 1 - -1001101?
1001110
In base 3, what is -2 + 100?
21
In base 7, what is 3246 + 4?
3253
In base 11, what is -48 - 2?
-4a
In base 11, what is -4 - 565?
-569
In base 2, what is -101 - 110010001?
-110010110
In base 4, what is -102 - -32?
-10
In base 3, what is 20 - -222?
1012
In base 3, what is -101 + -122?
-1000
In base 13, what is 326 - -1?
327
In base 16, what is 1 + -681?
-680
In base 14, what is 10c + 4?
112
In base 15, what is 0 - 2e5?
-2e5
In base 8, what is 5217 + 5?
5224
In base 16, what is 4 + 15a?
15e
In base 8, what is 437 + -10?
427
In base 11, what is -1 + -275?
-276
In base 11, what is 1a9a + 4?
1aa3
In base 14, what is -2 - -25?
23
In base 6, what is 2452 + 3?
2455
In base 2, what is 100 - 1001?
-101
In base 15, what is -7 + -2d?
-35
In base 9, what is 273 - 5?
267
In base 5, what is 4402 - -20?
4422
In base 12, what is -28 - 5?
-31
In base 9, what is -10 - -44?
34
In base 13, what is 1 - -589?
58a
In base 2, what is -1111111 + -111010?
-10111001
In base 16, what is 21e + -1?
21d
In base 3, what is -2121 + -112?
-10010
In base 14, what is -29 + 16?
-13
In base 11, what is -183 + -18?
-1a0
In base 10, what is -4180 + 0?
-4180
In base 12, what is -8 + -65?
-71
In base 16, what is 167 + 2d?
194
In base 5, what is -43021 - -2?
-43014
In base 12, what is 44 + -41?
3
In base 14, what is -4c + 11?
-3b
In base 2, what is 0 + 11111?
11111
In base 10, what is -1 - -273?
272
In base 14, what is -27 - -26?
-1
In base 9, what is 131 + 6?
137
In base 6, what is -2 - -135?
133
In base 14, what is 4 + -4c9?
-4c5
In base 3, what is -212 + -20?
-1002
In base 14, what is -a + 2a?
20
In base 3, what is -11 - -101012?
101001
In base 9, what is -7 - 60?
-67
In base 12, what is a0 - 26?
76
In base 3, what is -10012 + -11?
-10100
In base 6, what is -5 + 1543?
1534
In base 12, what is -5 - b91?
-b96
In base 6, what is -20330 + 0?
-20330
In base 10, what is 15 - 59?
-44
In base 3, what is -100102 - 10?
-100112
In base 2, what is 10110011 - 11?
10110000
In base 4, what is -211 + -120?
-331
In base 15, what is 33 + -b?
27
In base 10, what is 4 - -236?
240
In base 12, what is -2 - -7?
5
In base 5, what is -424 - -141?
-233
In base 10, what is -708 - 2?
-710
In base 3, what is 1 - 20121?
-20120
In base 14, what is -3 + -239b?
-23a0
In base 5, what is 1422 - -10?
1432
In base 8, what is 1127 - -3?
1132
In base 12, what is -9 - -31?
24
In base 11, what is 4 - 21?
-18
In base 14, what is -3d + -9?
-48
In base 9, what is 25 - 1336?
-1311
In base 11, what is 1 - 477?
-476
In base 4, what is 123011 + 10?
123021
In base 8, what is -4 - -5252?
5246
In base 5, what is -104213 + -3?
-104221
In base 3, what is -11 + -11200?
-11211
In base 16, what is -d9 - 0?
-d9
In base 5, what is 4144 - 0?
4144
In base 8, what is -213 - 341?
-554
In base 4, what is -1 - -120100?
120033
In base 16, what is 9 + 3d5?
3de
In base 13, what is 11 - -11b?
12c
In base 7, what is 4 - -631?
635
In base 8, what is -256 - -4?
-252
In base 15, what is 5b - -7?
63
In base 4, what is 10312 - 10?
10302
In base 11, what is 33 + 3?
36
In base 8, what is -16 - 10?
-26
In base 15, what is 5 - -2d8?
2dd
In base 12, what is a65 - 1?
a64
In base 7, what is 1263 - 5?
1255
In base 16, what is 2 - -bfd?
bff
In base 15, what is 3b + 1?
3c
In base 8, what is -3 + -1610?
-1613
In base 12, what is -5 - -329?
324
In base 15, what is ec0 + 9?
ec9
In base 15, what is 7b - -5?
81
In base 4, what is 1 + 2?
3
In base 6, what is 1452 + 21?
1513
In base 14, what is -29 + 4?
-25
In base 2, what is -100011110100 + 11?
-100011110001
In base 7, what is -6 - -1355?
1346
In base 16, what is 38 - -2f?
67
In base 2, what is 1010011 - -101?
1011000
In base 16, what is 65 + 31?
96
In base 8, what is 7 - 1?
6
In base 5, what is -4 + 22?
13
In base 2, what is 1001010 + 1111111?
11001001
In base 2, what is -100001 - 1101?
-101110
In base 4, what is -321 - -3?
-312
In base 7, what is -4 - -20060?
20053
In base 16, what is -1 + 5?
4
In base 10, what is -4 - -99?
95
In base 8, what is 36360 - 1?
36357
In base 4, what is -131 + -211?
-1002
In base 16, what is d4 + 6?
da
In base 9, what is 4 + 4?
8
In base 3, what is 12110 + -12?
12021
In base 13, what is -522 - 4?
-526
In base 10, what is -31 + -83?
-114
In base 10, what is -1031 - -3?
-1028
In base 11, what is 4 + -23?
-1a
In base 4, what is 1223312 - -11?
1223323
In base 16, what is 1 - -1395?
1396
In base 14, what is 2 + -aa5?
-aa3
In base 2, what is -110011010001 - 1?
-110011010010
In base 15, what is 2 + -